{"id":482,"date":"2023-07-29T10:57:15","date_gmt":"2023-07-29T10:57:15","guid":{"rendered":"https:\/\/valentinamocchi.it\/lezioni\/?page_id=482"},"modified":"2025-01-30T09:09:46","modified_gmt":"2025-01-30T09:09:46","slug":"termini-e-condizioni","status":"publish","type":"page","link":"https:\/\/valentinamocchi.it\/lezioni\/termini-e-condizioni\/","title":{"rendered":"Termini e Condizioni"},"content":{"rendered":"\n<div class=\"wp-block-group is-vertical is-layout-flex wp-container-core-group-is-layout-826427d8 wp-block-group-is-layout-flex\" style=\"padding-top:var(--wp--preset--spacing--60);padding-right:var(--wp--preset--spacing--60);padding-bottom:var(--wp--preset--spacing--60);padding-left:var(--wp--preset--spacing--60)\">\n<p><strong>Termini e Condizioni CORSI ONLINE<\/strong><\/p>\n\n\n\n<p><br>Per i corsi online, considerati \u201cmateriale scaricabile\u201d viene applicata la DIRETTIVA 2011\/83\/EU del Parlamento Europeo e del Consiglio Europeo del 25 Ottobre 2011 sui diritti dei consumatori , in particolare articolo 16 paragrafo \u201cm\u201d.<\/p>\n\n\n\n<p>Quindi:<\/p>\n\n\n\n<p>\u2013 Se il corso non \u00e8 ancora cominciato, non ci sono ancora video caricati o materiali testuali, sar\u00e0 possibile ottenere il rimborso di quanto pagato.<\/p>\n\n\n\n<p>\u2013 Se il corso \u00e8 gi\u00e0 cominciato o sono disponibili video o materiali testuali, non sar\u00e0 possibile ottenere il rimborso in nessun caso in quanto i materiali saranno sempre a disposizione.<\/p>\n\n\n\n<p>E\u2019 prevista quindi la possibilit\u00e0 di recedere dall\u2019acquisto entro 14 giorni dal pagamento ma il diritto di recesso non avr\u00e0 valore nel caso in cui il corso sia gi\u00e0 cominciato o siano gi\u00e0 disponibili i materiali online<\/p>\n\n\n\n<p>Inoltre sul sito \u00e8 attivo un controllo di sicurezza per impedire la condivisione dei contenuti all\u2019esterno o la condivisione della propria password in modo da consentire ad altri l\u2019accesso ai contenuti del corso. Nel caso i nostri sistemi di sicurezza verificassero un utilizzo fraudolento delle credenziali o una condivisione non autorizzata dei materiali del corso, il cliente sar\u00e0 immediatamente escluso dall\u2019accesso ai materiali e nulla gli sar\u00e0 dovuto.<\/p>\n\n\n\n<p>Per richiedere il recesso o il rimborso \u00e8 necessario scrivere a info@valentinamocchi.it oppure inviare un sms\/whatsapp al +39 339 211 7017<\/p>\n<\/div>\n","protected":false},"excerpt":{"rendered":"<p>Termini e Condizioni CORSI ONLINE Per i corsi online, considerati \u201cmateriale scaricabile\u201d viene applicata la DIRETTIVA 2011\/83\/EU del Parlamento Europeo e del Consiglio Europeo del 25 Ottobre 2011 sui diritti dei consumatori , in particolare articolo 16 paragrafo \u201cm\u201d. Quindi: \u2013 Se il corso non \u00e8 ancora cominciato, non ci sono ancora video caricati o&#8230;<\/p>\n","protected":false},"author":1,"featured_media":0,"parent":0,"menu_order":0,"comment_status":"closed","ping_status":"closed","template":"","meta":{"_kadence_starter_templates_imported_post":false,"_kad_post_transparent":"","_kad_post_title":"","_kad_post_layout":"","_kad_post_sidebar_id":"","_kad_post_content_style":"","_kad_post_vertical_padding":"","_kad_post_feature":"","_kad_post_feature_position":"","_kad_post_header":false,"_kad_post_footer":false,"_kad_post_classname":"","footnotes":""},"class_list":["post-482","page","type-page","status-publish","hentry"],"jetpack_sharing_enabled":true,"_links":{"self":[{"href":"https:\/\/valentinamocchi.it\/lezioni\/wp-json\/wp\/v2\/pages\/482","targetHints":{"allow":["GET"]}}],"collection":[{"href":"https:\/\/valentinamocchi.it\/lezioni\/wp-json\/wp\/v2\/pages"}],"about":[{"href":"https:\/\/valentinamocchi.it\/lezioni\/wp-json\/wp\/v2\/types\/page"}],"author":[{"embeddable":true,"href":"https:\/\/valentinamocchi.it\/lezioni\/wp-json\/wp\/v2\/users\/1"}],"replies":[{"embeddable":true,"href":"https:\/\/valentinamocchi.it\/lezioni\/wp-json\/wp\/v2\/comments?post=482"}],"version-history":[{"count":3,"href":"https:\/\/valentinamocchi.it\/lezioni\/wp-json\/wp\/v2\/pages\/482\/revisions"}],"predecessor-version":[{"id":2394,"href":"https:\/\/valentinamocchi.it\/lezioni\/wp-json\/wp\/v2\/pages\/482\/revisions\/2394"}],"wp:attachment":[{"href":"https:\/\/valentinamocchi.it\/lezioni\/wp-json\/wp\/v2\/media?parent=482"}],"curies":[{"name":"wp","href":"https:\/\/api.w.org\/{rel}","templated":true}]}}